by 61.
52
Calculate the remainder when 9405 is divided by 636.
501
Calculate the remainder when 1545 is divided by 377.
37
What is the remainder when 7609 is divided by 2524?
37
What is the remainder when 9932 is divided by 18?
14
What is the remainder when 17178 is divided by 337?
328
What is the remainder when 25695 is divided by 467?
10
Calculate the remainder when 12437 is divided by 51.
44
What is the remainder when 50264 is divided by 110?
104
What is the remainder when 2532 is divided by 489?
87
Calculate the remainder when 4050 is divided by 59.
38
Calculate the remainder when 1557719 is divided by 20.
19
Calculate the remainder when 4930 is divided by 150.
130
What is the remainder when 128683 is divided by 562?
547
What is the remainder when 20360 is divided by 248?
24
Calculate the remainder when 74633 is divided by 68.
37
What is the remainder when 345715 is divided by 2368?
2355
What is the remainder when 826 is divided by 401?
24
Calculate the remainder when 94825 is divided by 219.
217
What is the remainder when 103295 is divided by 260?
75
Calculate the remainder when 81637 is divided by 104.
101
What is the remainder when 3828 is divided by 1902?
24
Calculate the remainder when 646133 is divided by 33.
26
What is the remainder when 13594 is divided by 4529?
7
Calculate the remainder when 1330 is divided by 259.
35
Calculate the remainder when 5974 is divided by 992.
22
Calculate the remainder when 2251 is divided by 34.
7
Calculate the remainder when 315 is divided by 100.
15
Calculate the remainder when 26794 is divided by 8823.
325
What is the remainder when 4525 is divided by 919?
849
What is the remainder when 1924 is divided by 800?
324
Calculate the remainder when 15851 is divided by 3887.
303
Calculate the remainder when 15028 is divided by 15.
13
Calculate the remainder when 3785 is divided by 1772.
241
Calculate the remainder when 92156 is divided by 97.
6
What is the remainder when 2445 is divided by 113?
72
What is the remainder when 25495 is divided by 289?
63
Calculate the remainder when 122002 is divided by 2301.
49
What is the remainder when 18578 is divided by 564?
530
Calculate the remainder when 238 is divided by 184.
54
What is the remainder when 18328 is divided by 129?
10
Calculate the remainder when 61830 is divided by 8812.
146
Calculate the remainder when 51978 is divided by 17.
9
What is the remainder when 32077 is divided by 3543?
190
What is the remainder when 203749 is divided by 532?
525
What is the remainder when 82566 is divided by 106?
98
What is the remainder when 405222 is divided by 225?
222
Calculate the remainder when 61300 is divided by 199.
8
Calculate the remainder when 542388 is divided by 41.
40
What is the remainder when 54608 is divided by 74?
70
Calculate the remainder when 71723 is divided by 239.
23
What is the remainder when 725966 is divided by 362972?
22
What is the remainder when 92280 is divided by 412?
404
Calculate the remainder when 5545 is divided by 211.
59
What is the remainder when 3612 is divided by 88?
4
What is the remainder when 31645 is divided by 5271?
19
Calculate the remainder when 1923 is divided by 15.
3
Calculate the remainder when 128435 is divided by 144.
131
What is the remainder when 10911 is divided by 17?
14
Calculate the remainder when 26875 is divided by 791.
772
What is the remainder when 31977 is divided by 400?
377
Calculate the remainder when 31624 is divided by 126.
124
What is the remainder when 3213 is divided by 247?
2
What is the remainder when 1603645 is divided by 16?
13
Calculate the remainder when 120099 is divided by 429.
408
What is the remainder when 19737 is divided by 142?
141
Calculate the remainder when 104846 is divided by 104832.
14
Calculate the remainder when 148311 is divided by 11.
9
Calculate the remainder when 249595 is divided by 37.
30
Calculate the remainder when 593195 is divided by 39546.
5
Calculate the remainder when 63509 is divided by 138.
29
Calculate the remainder when 349620 is divided by 29.
25
What is the remainder when 71579 is divided by 537?
158
Calculate the remainder when 2065 is divided by 194.
125
What is the remainder when 167155 is divided by 55713?
16
What is the remainder when 280684 is divided by 212?
208
Calculate the remainder when 613863 is divided by 1013.
998
Calculate the remainder when 63540 is divided by 26.
22
What is the remainder when 9027 is divided by 9019?
8
Calculate the remainder when 4356 is divided by 167.
14
Calculate the remainder when 3506 is divided by 387.
23
Calculate the remainder when 52631 is divided by 68.
67
What is the remainder when 1886 is divided by 239?
213
What is the remainder when 1087 is divided by 389?
309
Calculate the remainder when 173 is divided by 67.
39
What is the remainder when 36204 is divided by 304?
28
Calculate the remainder when 5446 is divided by 1271.
362
What is the remainder when 3699 is divided by 846?
315
Calculate the remainder when 3128 is divided by 1324.
480
What is the remainder when 37905 is divided by 287?
21
Calculate the remainder when 81817 is divided by 1995.
22
Calculate the remainder when 91319 is divided by 62.
55
Calculate the remainder when 87721 is divided by 41.
22
Calculate the remainder when 70076 is divided by 126.
20
Calculate the remainder when 75987 is divided by 85.
82
Calculate the remainder when 3558 is divided by 590.
18
Calculate the remainder when 18317 is divided by 129.
128
Calculate the remainder when 2707 is divided by 151.
140
Calculate the remainder when 9189 is divided by 75.
39
Calculate the remainder when 6157 is divided by 688.
653
Calculate the remainder when 4703 is divided by 9.
5
Calculate the remainder when 10885 is divided by 209.
17
What is the remainder when 2407 is divided by 149?
23
Calculate the remainder when 4401 is divided by 71.
70
What is the remainder when 27604 is divided by 116?
112
Calculate the remainder when 5345 is divided by 535.
530
Calculate the remainder when 20431 is divided by 19.
6
Calculate the remainder when 108526 is divided by 32.
14
What is the remainder when 3053 is divided by 1010?
23
What is the remainder when 399 is divided by 253?
146
Calculate the remainder when 21819 is divided by 383.
371
Calculate the remainder when 10115 is divided by 84.
35
Calculate the remainder when 12314 is divided by 286.
16
What is the remainder when 25031 is divided by 1786?
27
What is the remainder when 1196166 is divided by 108741?
15
What is the remainder when 36455 is divided by 14?
13
What is the remainder when 1291117 is divided by 58687?
3
Calculate the remainder when 5894 is divided by 222.
122
What is the remainder when 2989 is divided by 69?
22
What is the remainder when 111383 is divided by 61?
58
Calculate the remainder when 33448 is divided by 485.
468
What is the remainder when 109058 is divided by 624?
482
What is the remainder when 2549 is divided by 798?
155
What is the remainder when 9930 is divided by 126?
102
Calculate the remainder when 21921 is divided by 2.
1
What is the remainder when 77898 is divided by 190?
188
Calculate the remainder when 275562 is divided by 1927.
1
What is the remainder when 282 is divided by 147?
135
Calculate the remainder when 14500 is divided by 81.
1
What is the remainder when 2907 is divided by 281?
97
What is the remainder when 18735 is divided by 506?
13
Calculate the remainder when 447913 is divided by 8451.
10
What is the remainder when 110743 is divided by 107?
105
What is the remainder when 738873 is divided by 155?
143
What is the remainder when 106337 is divided by 37?
36
What is the remainder when 58508 is divided by 106?
102
What is the remainder when 637260 is divided by 369?
366
What is the remainder when 1971 is divided by 491?
7
Calculate the remainder when 59059 is divided by 317.
97
What is the remainder when 55020 is divided by 725?
645
What is the remainder when 24678 is divided by 1130?
948
Calculate the remainder when 2568 is divided by 2183.
385
What is the remainder when 61349 is divided by 30623?
103
Calculate the remainder when 69432 is divided by 861.
552
Calculate the remainder when 6250 is divided by 264.
178
What is the remainder when 3359 is divided by 930?
569
Calculate the remainder when 1421 is 